{"id":12,"date":"2022-01-24T08:58:56","date_gmt":"2022-01-24T06:58:56","guid":{"rendered":"https:\/\/ps.roly24.com\/?page_id=12"},"modified":"2026-03-17T13:41:35","modified_gmt":"2026-03-17T11:41:35","slug":"refund_returns","status":"publish","type":"page","link":"https:\/\/ps.roly24.com\/index.php\/refund_returns\/","title":{"rendered":"Toimitusehdot"},"content":{"rendered":"\n<p><strong>Printingshop24 Oy \u2013 Printingshop24.com yleiset toimitusehdot<\/strong><\/p>\n\n\n\n<p>Voimassa 20.1.2026 alkaen<\/p>\n\n\n\n<p><strong>1. Ehtojen soveltaminen ja asiakaspalvelu<\/strong><\/p>\n\n\n\n<p>N\u00e4it\u00e4 yleisi\u00e4 toimitusehtoja (\u201dehdot\u201d) sovelletaan&nbsp;<strong>Printingshop24 Oy<\/strong>:n (ALV-tunnus FI35793557 y-tunnus&nbsp;3579355-7),&nbsp;kotipaikka Vantaa (\u201dyhti\u00f6\u201d) valmistamien, valmistuttaman tai muutoin tarjoamien tuotteiden (\u201dtuotteet\u201d) myyntiin kuluttaja- ja yritysasiakkaille (\u201dkuluttaja-asiakas\u201d ja \u201dyritysasiakas\u201d, molemmat yhdess\u00e4 \u201dasiakas\u201d) yhti\u00f6n verkkokaupassa&nbsp;<a href=\"https:\/\/www.printingshop24.com\/\" target=\"_blank\" rel=\"noreferrer noopener\"><strong>Printingshop24<\/strong><\/a>.com<\/p>\n\n\n\n<p>Asiakaspalvelumme auttaa kaikissa Verkkokauppaa, tuotteita tai tuotteiden tilaamista ja toimitusta koskevissa kysymyksiss\u00e4. Ota yhteytt\u00e4 asiakaspalveluumme s\u00e4hk\u00f6postilla&nbsp;<a href=\"mailto:info@painokauppa.fi\" target=\"_blank\" rel=\"noreferrer noopener\">info@<strong>Printingshop24<\/strong><\/a>.com<\/p>\n\n\n\n<p>Yhti\u00f6 pid\u00e4tt\u00e4\u00e4 oikeuden muuttaa n\u00e4it\u00e4 ehtoja koska tahansa julkaisemalla muutetut ehdot verkkokaupan sivustolla. Muutettuja ehtoja sovelletaan tilauksiin, jotka on tehty yhti\u00f6n ilmoittamana voimaantulop\u00e4iv\u00e4n\u00e4 tai sen j\u00e4lkeen.<\/p>\n\n\n\n<p>TOIMITTAMALLA AINEISTOA TILAUSJ\u00c4RJESTELM\u00c4\u00c4MME JA\/TAI TILAAMALLA TUOTTEITA VERKKOKAUPASTAMME ASIAKAS HYV\u00c4KSYY N\u00c4M\u00c4 EHDOT.<\/p>\n\n\n\n<p>Hyv\u00e4ksym\u00e4ll\u00e4 N\u00c4M\u00c4 ehdot asiakas hyv\u00e4ksyy my\u00f6s sen, ett\u00e4 voimme l\u00e4hett\u00e4\u00e4 s\u00e4hk\u00f6postia tai tekstiviestej\u00e4 tilaukseen liittyviss\u00e4 asioissa.<\/p>\n\n\n\n<p><strong>2. Tilaaminen ja asiakkuus<\/strong><\/p>\n\n\n\n<p>Tilatakseen verkkokaupasta asiakkaan tulee<\/p>\n\n\n\n<ul class=\"wp-block-list\">\n<li>antaa seuraavat tiedot: nimi, osoite, s\u00e4hk\u00f6postiosoite, maksutiedot, sek\u00e4 muut tarpeelliset tiedot;<\/li>\n\n\n\n<li>olla k\u00e4ytt\u00e4m\u00e4ns\u00e4 voimassa olevan maksu- tai luottokortin tai s\u00e4hk\u00f6isen maksuv\u00e4lineen k\u00e4ytt\u00e4j\u00e4tunnusten luvallinen haltija.<\/li>\n<\/ul>\n\n\n\n<p>Henkil\u00f6tietojen k\u00e4sittelyyn soveltuvat esitetyt periaatteet. Henkil\u00f6tietojen ja maksutietojen v\u00e4litt\u00e4minen tapahtuu suojattua yhteytt\u00e4 k\u00e4ytt\u00e4en.<\/p>\n\n\n\n<p>Yritysasiakas vastaa siit\u00e4, ett\u00e4 verkkokaupasta tilauksen tehnyt yritysasiakkaan edustaja on oikeutettu solmimaan sopimuksen tuotteiden hankinnasta ja toimituksesta yritysasiakkaan puolesta.<\/p>\n\n\n\n<p>Mik\u00e4li asiakas luo verkkokauppaan tilin, asiakas luo samalla henkil\u00f6kohtaisen tunnisteen (k\u00e4ytt\u00e4j\u00e4tunnus) sek\u00e4 salasanan. Salasana tulee s\u00e4ilytt\u00e4\u00e4 suojattuna kaikissa tilanteissa, sill\u00e4 asiakas on vastuussa kaikista ostoista, jotka on tehty k\u00e4ytt\u00e4j\u00e4tunnusta ja salasanaa k\u00e4ytt\u00e4m\u00e4ll\u00e4. Asiakas voi lopettaa verkkokaupan asiakastilins\u00e4 ilmoittamalla siit\u00e4 s\u00e4hk\u00f6postilla yhti\u00f6n asiakaspalveluun&nbsp;i<a href=\"mailto:info@painokauppa.fi\" target=\"_blank\" rel=\"noreferrer noopener\"><\/a><a href=\"mailto:info@painokauppa.fi\" target=\"_blank\" rel=\"noreferrer noopener\">nfo@<strong>Printingshop24<\/strong><\/a>.com<\/p>\n\n\n\n<p>Yhti\u00f6 varaa oikeuden hyv\u00e4ksy\u00e4 kaikki verkkokaupan asiakkaat ennen toimitusta.<\/p>\n\n\n\n<p><strong>3. Aineiston toimittaminen<\/strong><\/p>\n\n\n\n<p>Toimittamalla tai tarjoamalla kuvamateriaalia tai muuta tietoa tai aineistoa (\u201daineisto\u201d) yhti\u00f6lle verkkokaupan tilausj\u00e4rjestelm\u00e4n (\u201dtilausj\u00e4rjestelm\u00e4\u201d) kautta, asiakas sitoutuu noudattamaan seuraavia ehtoja: (1) toimitettu aineisto ei ole lain, moraalin tai hyv\u00e4n tavan vastaista, eik\u00e4 se loukkaa kolmansien osapuolten oikeuksia (mukaan lukien esimerkiksi tekij\u00e4noikeus, tavaramerkit ja yksityisyydensuoja); (2) aineisto on asiakkaan omaisuutta tai asiakkaalla on rajoittamaton oikeus toimittaa se yhti\u00f6lle, ja yhti\u00f6ll\u00e4 on oikeus muokata ja k\u00e4sitell\u00e4 aineistoa tilauksen k\u00e4sittelyn ja tuotteen valmistuksen yhteydess\u00e4, tallentaa aineisto yhti\u00f6n palvelimelle sek\u00e4 sis\u00e4llytt\u00e4\u00e4 aineisto tai sen sis\u00e4lt\u00e4m\u00e4 osa tuotteisiin ilman vastuu- tai maksuvelvollisuutta ja l\u00e4hdett\u00e4 ilmoittamatta;&nbsp;&nbsp;(3) asiakas ryhtyy tarpeellisiin toimiin poistaakseen tilausj\u00e4rjestelm\u00e4\u00e4n toimittamassaan aineistossa mahdollisesti olevat virukset tai muut ep\u00e4puhtaudet tai tuhoavat ominaisuudet ennen aineiston toimittamista; (4) asiakas ei esit\u00e4 toimitettuun aineistoon perustuvia vaateita yhti\u00f6t\u00e4 kohtaan; ja (5) asiakas sitoutuu korvaamaan yhti\u00f6lle kaikki kulut ja vahingon, joka yhti\u00f6lle mahdollisesti syntyy sen johdosta, ettei aineisto t\u00e4yt\u00e4 t\u00e4ss\u00e4 kohdassa esitettyj\u00e4 vaatimuksia.<\/p>\n\n\n\n<p>Yhti\u00f6ll\u00e4 on milloin tahansa oikeus keskeytt\u00e4\u00e4 tilauksen k\u00e4sittely, mik\u00e4li se havaitsee, ett\u00e4 aineisto on mahdollisesti t\u00e4ss\u00e4 kohdassa esitettyjen vaatimusten vastaista.<\/p>\n\n\n\n<p>Aineisto tallentuu tilauksen k\u00e4sittely\u00e4 varten tilausj\u00e4rjestelm\u00e4n kautta yhti\u00f6n palvelimelle, ja se poistetaan automaattisesti (1) kuukauden kuluttua aineiston tallentamisesta. Mik\u00e4li asiakas on luonut verkkokauppaan tilin, asiakas voi tehd\u00e4 uudelleentilauksia Verkkokaupan tilaushistoriastaan kuuden (6) kuukauden ajan aineiston tallentamisesta lukien, jonka j\u00e4lkeen aineisto poistetaan. Yhti\u00f6 ei vastaa aineistosta, joka on toimitettu tilausj\u00e4rjestelm\u00e4\u00e4n ja\/tai tallennettu yhti\u00f6n palvelimelle, eik\u00e4 asiakkaalla ole oikeutta korvaukseen, jos tilausj\u00e4rjestelm\u00e4\u00e4n toimitettu ja\/tai yhti\u00f6n palvelimelle tallennettu aineisto menetet\u00e4\u00e4n tai se vahingoittuu. Yhti\u00f6 voi harkintansa mukaan milloin tahansa poistaa asiakkaan toimittaman aineiston tilausj\u00e4rjestelm\u00e4st\u00e4 ja\/tai yhti\u00f6n palvelimelta. Asiakkaan toimittama aineisto poistetaan joka tapauksessa asiakastilin lopettamisen yhteydess\u00e4.<\/p>\n\n\n\n<p>Tuotteiden laadun edellytyksen\u00e4 on, ett\u00e4 asiakas noudattaa tilausj\u00e4rjestelm\u00e4n antamia ohjeita ja varoitusilmoituksia esimerkiksi aineiston teknisi\u00e4 vaatimuksia ja asetuksia koskien.<\/p>\n\n\n\n<p><strong>4. Tilausj\u00e4rjestelm\u00e4n k\u00e4ytt\u00e4minen<\/strong><\/p>\n\n\n\n<p>Kaikki verkkokaupan sivustolla olevat aineistot, ohjelmat ja aineeton omaisuus ovat yhti\u00f6n omaisuutta. Asiakkaalla on oikeus ladata k\u00e4ytt\u00f6\u00f6ns\u00e4 sellaiset yhti\u00f6n saataville asettamat ja ladattavissa olevat aineistot, ohjelmat ja aineeton omaisuus, jotka ovat tarpeen tilauksen tekemiseksi ja k\u00e4ytt\u00e4\u00e4 niit\u00e4 tilauksen tekemiseksi. Yhti\u00f6 my\u00f6nt\u00e4\u00e4 asiakkaalle t\u00e4t\u00e4 tarkoitusta varten ei-yksinomaisen lisenssin, joka on voimassa asiakassuhteen ajan. Kaikki muu kaupallinen ja ei-kaupallinen k\u00e4ytt\u00f6 on kielletty.<\/p>\n\n\n\n<p><strong>5. Tilausten k\u00e4sittely ja sopimuksen syntyminen<\/strong><\/p>\n\n\n\n<p>Asiakkaan tekem\u00e4 tilaus on tarjous ostaa tuotteita, jotka on lueteltu tilauksessa. Pid\u00e4t\u00e4mme oikeuden olla hyv\u00e4ksym\u00e4tt\u00e4 ep\u00e4tavallisia tilauksia tai tilauksia, joita ei mielest\u00e4mme ole tehty vilpitt\u00f6m\u00e4ss\u00e4 mieless\u00e4.<\/p>\n\n\n\n<p>Asiakkaan tilauksen vastaanotettuamme l\u00e4het\u00e4mme asiakkaalle s\u00e4hk\u00f6postitse vastaanottokuittauksen, joka sis\u00e4lt\u00e4\u00e4 tilausnumeron ja tilattujen tuotteiden tiedot.<\/p>\n\n\n\n<p>Tilauksen hyv\u00e4ksyminen ja sopimuksen syntyminen asiakkaan ja yhti\u00f6n v\u00e4lill\u00e4 tapahtuu vasta, kun olemme l\u00e4hett\u00e4neet asiakkaalle tilausvahvistuksen. Koska tilausvahvistus on tosite tehdyst\u00e4 ostoksesta, suosittelemme s\u00e4ilytt\u00e4m\u00e4\u00e4n sen mahdollista jatkok\u00e4ytt\u00f6\u00e4 varten.<\/p>\n\n\n\n<p><strong>6. Tuotteet<\/strong><\/p>\n\n\n\n<p>Asiakkaan tulee tuotteita tilatessaan varmistua siit\u00e4, ett\u00e4 tilatut tuotteet sopivat asiakkaan k\u00e4ytt\u00f6\u00f6n. Asiakas voi k\u00e4ytt\u00e4\u00e4 verkkokaupan tuotteista tarjoamaa tietoa tuotteiden sopivuutta tarkistaessaan. Mik\u00e4li verkkokaupan sis\u00e4lt\u00f6 eroaa jonkin muun www-sivuston tai muun tietol\u00e4hteen kanssa, verkkokaupassa ostohetkell\u00e4 esitetyt tiedot saavat etusijan muihin tietoihin n\u00e4hden. Yhti\u00f6 ei vastaa tuotteen soveltuvuudesta kunkin asiakkaan k\u00e4ytt\u00f6\u00f6n.<\/p>\n\n\n\n<p>Yhti\u00f6 varaa oikeuden ilman vastuuta tai aiempaa ilmoitusta muuttaa, keskeytt\u00e4\u00e4 tai lakkauttaa mink\u00e4 tahansa tuotteen valmistuksen tai myynnin verkkokaupassa. yhti\u00f6 ei takaa tuotteen saatavuutta Verkkokaupassa.<\/p>\n\n\n\n<p><strong>7. Hinnat ja maksutavat<\/strong><\/p>\n\n\n\n<p>Tuotteesta kulloinkin veloitettava hinta on tilaushetkell\u00e4 voimassa oleva hinta, joka n\u00e4kyy tilauksen koontitiedoissa ennen maksusuoritusta ja vahvistetaan tilauksen vastaanottokuittauksessa sek\u00e4 tilausvahvistuksessa.<\/p>\n\n\n\n<p>Tuotteiden hinnat sis\u00e4lt\u00e4v\u00e4t arvonlis\u00e4veron ja muut soveltuvat verot, sek\u00e4 kuljetuskustannukset jos asiakas on valinnut toimitusvaihtoehdon, mutta eiv\u00e4t sis\u00e4ll\u00e4 k\u00e4sittelykuluja. Mahdolliset lis\u00e4kulut liittyen k\u00e4sittelyyn sek\u00e4 sen arvonlis\u00e4veroon tai muihin veroihin eritell\u00e4\u00e4n tilauksen koontitiedoissa ennen maksusuoritusta.<\/p>\n\n\n\n<p>Mik\u00e4li hinta on kirjoitusvirheen tai muun sellaisen johdosta ilmoitettu verkkokaupassa ilmeisen virheellisesti, ei virheellinen hinta sido yhti\u00f6t\u00e4.<\/p>\n\n\n\n<p>K\u00e4ytett\u00e4ess\u00e4 mahdollista alennuskoodia, alennettu hinta n\u00e4kyy tilauksen koontitiedoissa ennen maksusuoritusta koodin sy\u00f6tt\u00e4misen j\u00e4lkeen.<\/p>\n\n\n\n<p>Yhti\u00f6 voi halutessaan muuttaa hintoja ilman eri ilmoitusta. Muutettuja hintoja sovelletaan hintojen muutoksen j\u00e4lkeen tehtyihin tilauksiin.<\/p>\n\n\n\n<p>Ajantasainen lista verkkokaupan maksutavoista ja niiden ehdoista l\u00f6ytyy verkkokaupan sivustolta&nbsp;<a href=\"https:\/\/www.printingshop24.com\/\" target=\"_blank\" rel=\"noreferrer noopener\"><\/a><a href=\"mailto:info@painokauppa.fi\" target=\"_blank\" rel=\"noreferrer noopener\"><strong>Printingshop24<\/strong><\/a>.com&nbsp;sivustolta t\u00e4m\u00e4n toimitusehtojen alta,&nbsp;<strong>Maksuehdot.&nbsp;<\/strong>Maksutavat edellytt\u00e4\u00e4 rekister\u00f6itymist\u00e4 verkkokaupan asiakkaaksi.<\/p>\n\n\n\n<p><strong>8. Toimitus<\/strong><\/p>\n\n\n\n<p>Tuotteet toimitetaan tilauksen yhteydess\u00e4 ilmoitettuun toimitusosoitteeseen Matkahuollon, kuljetusliikkeen tai Postin Express-l\u00e4hetyksen\u00e4.<\/p>\n\n\n\n<p>Mik\u00e4li Postin Express-l\u00e4hetyksen toimitusyritys ep\u00e4onnistuu, j\u00e4tet\u00e4\u00e4n asiakkaalle saapumisilmoitus ja l\u00e4hetys toimitetaan asiakkaan l\u00e4hipostiin, josta tuotteet ovat noudettavissa Postin ilmoittaman s\u00e4ilytysajan kuluessa.<\/p>\n\n\n\n<p>Tilatut tuotteet toimitetaan p\u00e4\u00e4s\u00e4\u00e4nt\u00f6isesti arviolta tilausvahvistusta seuraavien 7 arkip\u00e4iv\u00e4n sis\u00e4ll\u00e4. Toimitusaika kuluttaja-asiakkaille ei ylit\u00e4 30 p\u00e4iv\u00e4\u00e4, mik\u00e4li erikseen ei ole sovittu pidemm\u00e4st\u00e4 toimitusajasta. Toimitus saatetaan yhti\u00f6n harkinnan mukaan jakaa useaan eri l\u00e4hetykseen.<\/p>\n\n\n\n<p><strong>9. Toimitus Yritysasiakkaalle<\/strong><\/p>\n\n\n\n<p>Tuotteet toimitetaan yritysasiakkaalle yll\u00e4 kohdassa 8 esitetyn mukaisesti. Yhti\u00f6 saattaa kuitenkin sopia rekister\u00f6ityneen yritysasiakkaan kanssa verkkokaupan tilausten yhteydess\u00e4 sovellettavista toimitusajoista ja -tavoista kirjallisesti erikseen, jolloin sovelletaan yhti\u00f6n ja yritysasiakkaan erikseen sopimia toimitusaikoja ja -tapoja.<\/p>\n\n\n\n<p>Vaaranvastuu siirtyy yritysasiakkaalle, kun tuotteet on luovutettu yritysasiakkaalle tai kun yritysasiakkaan olisi sopimuksen mukaan pit\u00e4nyt vastaanottaa tavara.<\/p>\n\n\n\n<p>Mik\u00e4li yritysasiakas on laiminly\u00f6nyt toimitukseen tai sen vastaanottamiseen liittyv\u00e4t velvoitteensa, yhti\u00f6ll\u00e4 on oikeus veloittaa sille aiheutuneet ylim\u00e4\u00e4r\u00e4iset kustannukset ja pident\u00e4\u00e4 toimitusaikaa tai purkaa sopimus.<\/p>\n\n\n\n<p><strong>10. Kuluttaja-asiakkaiden peruuttamisoikeus ja Tuotteiden palauttaminen<\/strong><\/p>\n\n\n\n<p><strong>Kuluttaja-asiakkaiden peruuttamisoikeuden soveltuminen<\/strong><\/p>\n\n\n\n<p>Kuluttajansuojalain mukainen peruuttamisoikeus koskee ainoastaan kuluttaja-asiakkaita. Yhti\u00f6 k\u00e4sittelee ja hyvitt\u00e4\u00e4 palautuksia ainoastaan tuotteista, jotka on ostettu verkkokaupasta.<\/p>\n\n\n\n<p><strong>Huomioi, ettei kuluttaja-asiakkaalla kuitenkaan ole alla kuvattua peruuttamisoikeutta silloin, kun sopimus koskee tavaraa, joka valmistetaan toimittamasta aineistosta tai jota painetaan kuluttaja-asiakkaan vaatimusten mukaisesti tai selv\u00e4sti henkil\u00f6kohtaisia tarpeita vastaaviksi. Peruuttamisoikeus ei siten koske tuotetta, joka on valmistettu tai jota on muunneltu kuluttaja-asiakkaan toimittaman aineiston perusteella, kuten esimerkiksi aineisto, jolle on tilattu korjauspalvelu.<\/strong><\/p>\n\n\n\n<p><strong>Peruuttamisoikeuden k\u00e4ytt\u00e4minen ja Tuotteiden palauttaminen<\/strong><\/p>\n\n\n\n<p>Kuluttaja-asiakkaalla on kuluttajasuojalain mukainen oikeus peruuttaa tilaus nelj\u00e4ntoista (14) vuorokauden kuluessa Tuotteen tai viimeisen toimituser\u00e4n vastaanottamisesta (mukaan lukien viikonloput ja pyh\u00e4p\u00e4iv\u00e4t, pois lukien vastaanottop\u00e4iv\u00e4) ilmoittamalla siit\u00e4 Yhti\u00f6n asiakaspalveluun Verkkokaupassa saatavilla olevalla ja tai muulla yksiselitteisell\u00e4 tavalla. Lain tarkoituksena on antaa Kuluttaja-asiakkaalle oikeus tutustua Tuotteeseen niin kuin se on mahdollista myym\u00e4l\u00e4ss\u00e4. Kuluttaja-asiakkaalla on lain hengen mukaisesti oikeus tutustua pakkauksen sis\u00e4lt\u00f6\u00f6n ja Tuotteeseen.<\/p>\n\n\n\n<p>Palautus on teht\u00e4v\u00e4 viipym\u00e4tt\u00e4 ja viimeist\u00e4\u00e4n nelj\u00e4ntoista (14) vuorokauden kuluessa peruuttamisilmoituksen tekemisest\u00e4. Kuluttaja-asiakas vastaa Tuotteiden palauttamisesta johtuvista v\u00e4litt\u00f6mist\u00e4 kuluista.<\/p>\n\n\n\n<p>Palautuksen yhteydess\u00e4 on noudatettava Yhti\u00f6n palautusohjeistusta, kysym\u00e4ll\u00e4 sit\u00e4&nbsp;<a href=\"mailto:info@painokauppa.fi\" target=\"_blank\" rel=\"noreferrer noopener\">info@<strong>Printingshop24<\/strong><\/a>.com<\/p>\n\n\n\n<p>Tuotteet tulee pakata huolellisesti, jotta ne eiv\u00e4t vahingoitu kuljetuksessa. Yhti\u00f6 suosittelee k\u00e4ytt\u00e4m\u00e4\u00e4n aina Tuotteen alkuper\u00e4ist\u00e4 pakkausta.<\/p>\n\n\n\n<p>Mik\u00e4li Kuluttaja-asiakas on k\u00e4ytt\u00e4nyt tuotetta tai k\u00e4sitellyt sit\u00e4 huolimattomasti, Kuluttaja-asiakas vastaa Tuotteen arvon alentumisesta enint\u00e4\u00e4n Tuotteen t\u00e4yteen arvoon saakka.<\/p>\n\n\n\n<p>Kuluttaja-asiakkaan k\u00e4ytt\u00e4ess\u00e4 kuluttajansuojalain mukaista peruuttamisoikeuttaan, Yhti\u00f6 palauttaa saamansa maksun lukuun ottamatta niit\u00e4 ylim\u00e4\u00e4r\u00e4isi\u00e4 kustannuksia, jotka ovat aiheutuneet Kuluttaja-asiakkaan valitsemasta muusta kuin tarjotusta edullisemmasta vakiotoimitustavasta viimeist\u00e4\u00e4n nelj\u00e4ntoista (14) vuorokauden kuluttua peruuttamisilmoituksen vastaanottamisesta. Yhti\u00f6ll\u00e4 on oikeus pid\u00e4tty\u00e4 maksun palauttamisesta, kunnes se on vastaanottanut palautuksen.<\/p>\n\n\n\n<p>Maksupalautus tehd\u00e4\u00e4n, sill\u00e4 maksutavalla, jota Kuluttaja-asiakas on k\u00e4ytt\u00e4nyt tilatessaan Tuotteet. Maksupalautuksista ei aiheudu Kuluttaja-asiakkaalle ylim\u00e4\u00e4r\u00e4isi\u00e4 kuluja.<\/p>\n\n\n\n<p>Mik\u00e4li Kuluttaja-asiakas ei ole vastaanottanut l\u00e4hetyst\u00e4 Postin ilmoittaman s\u00e4ilytysajan kuluessa, palautuu l\u00e4hetys Yhti\u00f6ille ja kauppa katsotaan puretuksi. T\u00e4llaisessa tapauksessa Yhti\u00f6 voi halutessaan veloittaa Kuluttaja-asiakkaalta sille aiheutuneista ylim\u00e4\u00e4r\u00e4isist\u00e4 kuluista todellisten, joka v\u00e4hennet\u00e4\u00e4n palautettavasta maksusta.<\/p>\n\n\n\n<p><strong>11. Tuotteiden virheet<\/strong><\/p>\n\n\n\n<p><strong>Yleist\u00e4 Tuotteiden virheellisyyteen liittyen<\/strong><\/p>\n\n\n\n<p>Yhti\u00f6 ei vastaa virheist\u00e4, jotka johtuvat Asiakkaan toimittamasta Aineistosta tai Asiakkaan toimista tilausprosessin aikana, kuten esimerkiksi:<\/p>\n\n\n\n<ul class=\"wp-block-list\">\n<li>Asiakkaan toimittama Aineisto ei vastaa Tilausj\u00e4rjestelm\u00e4n teknisi\u00e4 vaatimuksia ja Asiakas on tilannut Tuotteita Tilausj\u00e4rjestelm\u00e4n antamista varoitusilmoituksista huolimatta;<\/li>\n\n\n\n<li>Asiakkaan tekem\u00e4t asetusvirheet<\/li>\n\n\n\n<li>virheet Asiakkaan toimittaman Aineiston sis\u00e4ll\u00f6ss\u00e4; tai<\/li>\n\n\n\n<li>Asiakkaan tekem\u00e4t kirjoitusvirheet, virheet tuotevalinnoissa tai Tuotteiden tilausm\u00e4\u00e4riss\u00e4.<\/li>\n<\/ul>\n\n\n\n<p>Yhti\u00f6 ei vastaa my\u00f6sk\u00e4\u00e4n Tuotteiden virheellisen asennuksen, k\u00e4yt\u00f6n tai huollon tai sen laiminly\u00f6nnin taikka normaalin kulumisen aiheuttamista vioista.<\/p>\n\n\n\n<p><strong>Kuluttaja-asiakkaat<\/strong><\/p>\n\n\n\n<p>Yhti\u00f6 tuotteen myyj\u00e4n\u00e4 vastaa Tuotteiden virheellisyydest\u00e4 kuluttajasuojalain 5 luvun mukaisesti.<\/p>\n\n\n\n<p>Mik\u00e4li Kuluttaja-asiakas huomaa toimitetuissa Tuotteissa olevan valmistus virheen tai toimituksesta puuttuvan tilattuja tuotteita, Kuluttaja-asiakkaan tulee ilmoittaa t\u00e4st\u00e4 asiakaspalveluumme viipym\u00e4tt\u00e4 s\u00e4hk\u00f6postitse&nbsp;<a href=\"mailto:info@painokauppa.fi\" target=\"_blank\" rel=\"noreferrer noopener\">i<\/a><a href=\"mailto:info@painokauppa.fi\" target=\"_blank\" rel=\"noreferrer noopener\">nfo@<strong>Printingshop24<\/strong><\/a>.com<\/p>\n\n\n\n<p>Mik\u00e4li Tuotteessa todetaan olleen virhe, toimitamme tilalle virheett\u00f6m\u00e4n tai korvaavan Tuotteen tai hyvit\u00e4mme virhett\u00e4 vastaavan hinnan.<\/p>\n\n\n\n<p><strong>Yritysasiakkaat<\/strong><\/p>\n\n\n\n<p>Yritysasiakkaan tulee tarkastaa toimitetut tuotteet viipym\u00e4tt\u00e4 vastaanotettuaan l\u00e4hetyksen. Mik\u00e4li yritysasiakas ei ole kirjallisesti reklamoinut toimituksen virheist\u00e4 kymmenen (7) p\u00e4iv\u00e4n kuluessa l\u00e4hetyksen vastaanottamisesta, toimitus katsotaan hyv\u00e4ksytyksi.<\/p>\n\n\n\n<p>Yritysasiakkaan tulee viipym\u00e4tt\u00e4 ilmoittaa yhti\u00f6lle s\u00e4hk\u00f6postilla&nbsp;<a href=\"mailto:info@painokauppa.fi\" target=\"_blank\" rel=\"noreferrer noopener\">i<\/a><a href=\"mailto:info@painokauppa.fi\" target=\"_blank\" rel=\"noreferrer noopener\">nfo@<strong>Printingshop24<\/strong><\/a>.comi&nbsp;&nbsp;kaikista poikkeamista tuotteiden toimituksessa ja noudattaa yhti\u00f6n antamia ohjeita niiden suhteen. Tuotteiden palauttaminen edellytt\u00e4\u00e4 yhti\u00f6n kirjallisesti antamaa hyv\u00e4ksynt\u00e4\u00e4.<\/p>\n\n\n\n<p>Mik\u00e4li tuotteessa todetaan olleen virhe, toimitamme tilalle virheett\u00f6m\u00e4n tai korvaavan Tuotteen tai hyvit\u00e4mme virhett\u00e4 vastaavan hinnan, valintamme mukaan ja edellytt\u00e4en, ett\u00e4 a) Yritysasiakas on kirjallisesti reklamoinut edell\u00e4 mainitun ajan kuluessa, ja b) Yritysasiakas palauttaa virheelliset tuotteet Yhti\u00f6lle, tai h\u00e4vitt\u00e4\u00e4 ne, yhti\u00f6n antamien ohjeiden mukaisesti.<\/p>\n\n\n\n<p>Yhti\u00f6 vastaa tuotteiden virheist\u00e4 ainoastaan ja yksinomaan n\u00e4iden ehtojen mukaisesti.<\/p>\n\n\n\n<p><strong>12. Ylivoimainen este<\/strong><\/p>\n\n\n\n<p>Yhti\u00f6 ei vastaa viiv\u00e4styksest\u00e4 tai vahingosta, joka johtuu esteest\u00e4, jota yhti\u00f6 ei voi voittaa, tai jos sopimuksen t\u00e4ytt\u00e4minen edellytt\u00e4isi uhrauksia, jotka ovat kohtuuttomia verrattuna sopimuksen t\u00e4ytt\u00e4misen merkitykseen Asiakkaalle.<\/p>\n\n\n\n<p><strong>13. Muut ehdot Yritysasiakkaita koskevissa sopimuksissa<\/strong><\/p>\n\n\n\n<p><strong>Omistusoikeuden siirtyminen<\/strong><\/p>\n\n\n\n<p>Omistusoikeus tuotteisiin siirtyy yritysasiakkaalle, kun yritysasiakas on suorittanut tilaukseen liittyv\u00e4t maksuvelvoitteensa kokonaisuudessaan.<\/p>\n\n\n\n<p><strong>Vastuunrajoitus<\/strong><\/p>\n\n\n\n<p>Yhti\u00f6n ilmoittamat toimitusajat ovat ainoastaan arvioita, eik\u00e4 Yhti\u00f6 vastaa viiv\u00e4styksen Yritysasiakkaille aiheuttamista menetyksist\u00e4 tai vahingoista.<\/p>\n\n\n\n<p>Yhti\u00f6 ei miss\u00e4\u00e4n tilanteessa vastaa yritysasiakkailleen aiheutuneista v\u00e4lillisist\u00e4 tai ep\u00e4suorista vahingoista, kuten esimerkiksi menetetyst\u00e4 voitosta tai liikevaihdosta tai tuotannon menetyksist\u00e4; vahingosta, joka johtuu siit\u00e4, ett\u00e4 sopimus kolmannen kanssa on rauennut tai j\u00e4\u00e4nyt t\u00e4ytt\u00e4m\u00e4tt\u00e4 oikein; tai vahingosta maineelle.<\/p>\n\n\n\n<p>Yhti\u00f6n kokonaisvastuu yritysasiakasta kohtaan rajoittuu kaikissa tilanteissa yritysasiakkaan vaatimuksen perusteen muodostavista tuotteista maksamaan hintaan.<\/p>\n\n\n\n<p><strong>Sopimuksen purkaminen<\/strong><\/p>\n\n\n\n<p>Muiden oikeuksiensa lis\u00e4ksi yhti\u00f6ll\u00e4 on oikeus purkaa sopimus v\u00e4litt\u00f6min vaikutuksin ilmoittamalla siit\u00e4 kirjallisesti yritysasiakkaalle, jos<\/p>\n\n\n\n<ol class=\"wp-block-list\">\n<li>Yritysasiakas haetaan tai hakeutuu konkurssiin, yrityssaneeraukseen tai selvitystilaan; tai<\/li>\n\n\n\n<li>Yritysasiakas rikkoo olennaisesti n\u00e4it\u00e4 ehtoja tai sopimusta, eik\u00e4 korjaa rikkomustaan (milloin rikkomus on korjattavissa) nelj\u00e4ntoista (14) p\u00e4iv\u00e4n kuluessa yhti\u00f6n kirjallisesta ilmoituksesta; tai<\/li>\n\n\n\n<li>on todenn\u00e4k\u00f6ist\u00e4, ettei yritysasiakas kykene t\u00e4ytt\u00e4m\u00e4\u00e4n n\u00e4ist\u00e4 ehdoista tai sopimuksesta aiheutuvia velvollisuuksiaan, eik\u00e4 yritysasiakas aseta riitt\u00e4v\u00e4n\u00e4 pidett\u00e4v\u00e4\u00e4 vakuutta velvoitteidensa t\u00e4ytt\u00e4misest\u00e4 nelj\u00e4ntoista (14) p\u00e4iv\u00e4n kuluessa Yhti\u00f6n kirjallisesta vaatimuksesta.<\/li>\n\n\n\n<li>Yhti\u00f6 on oikeutettu veloittamaan yritysasiakkaalta kustannukset kaikista materiaaleista, ty\u00f6st\u00e4 ja muista toimista, jotka sille on aiheutunut puretun sopimuksen johdosta.<\/li>\n<\/ol>\n\n\n\n<p><strong>Muut ehdot<\/strong><\/p>\n\n\n\n<p>Jos joku ehto n\u00e4iss\u00e4 ehdoissa on p\u00e4tem\u00e4t\u00f6n, sill\u00e4 ei ole vaikutusta muihin ehtoihin tai sopimukseen kokonaisuudessaan.<\/p>\n\n\n\n<p>Milloin osapuoli luopuu oikeuksistaan, on t\u00e4llainen luopuminen teht\u00e4v\u00e4 kirjallisesti ja se on molempien osapuolten allekirjoitettava.<\/p>\n\n\n\n<p><strong>14. Sovellettava laki ja riidanratkaisu<\/strong><\/p>\n\n\n\n<p>Verkkokauppaan, n\u00e4ihin ehtoihin, sopimuksiin sek\u00e4 tuotteiden toimituksiin sovelletaan Suomen lakia.<\/p>\n\n\n\n<p><strong>Kuluttaja-asiakkaat<\/strong><\/p>\n\n\n\n<p>Osapuolet pyrkiv\u00e4t ratkaisemaan mahdolliset erimielisyydet ensisijaisesti neuvotteluin. Jos sopimusta koskevaa erimielisyytt\u00e4 ei saada ratkaistuksi osapuolten v\u00e4lisill\u00e4 neuvotteluilla, Kuluttaja-asiakas voi saattaa asian kuluttajariitalautakunnan (<a href=\"http:\/\/www.kuluttajariita.fi\/\" target=\"_blank\" rel=\"noreferrer noopener\">www.kuluttajariita.fi<\/a>) ratkaistavaksi. Ennen asian viemist\u00e4 kuluttajariitalautakunnan k\u00e4sittelyyn Kuluttaja-asiakkaan tulee olla yhteydess\u00e4 maistraattien kuluttajaneuvontaan (<a href=\"http:\/\/www.kuluttajaneuvonta.fi\/\" target=\"_blank\" rel=\"noreferrer noopener\">www.kuluttajaneuvonta.fi<\/a>).<\/p>\n\n\n\n<p>Kuluttaja-asiakkaalla on lis\u00e4ksi oikeus saattaa riita-asia k\u00e4r\u00e4j\u00e4oikeuden ratkaistavaksi, joko Yhti\u00f6n kotipaikan k\u00e4r\u00e4j\u00e4oikeuteen.<\/p>\n\n\n\n<p><strong>Yritysasiakkaat<\/strong><\/p>\n\n\n\n<p>N\u00e4ihin ehtoihin, sopimuksiin, sek\u00e4 tuotteiden toimituksiin liittyv\u00e4t riidat ratkaistaan ensisijaisesti neuvottelemalla tai v\u00e4limiesmenettelyll\u00e4. Lopullisesti, mik\u00e4li sopimusta ei synny ratkaistaan erimielisyydet It\u00e4-Uudenmaan k\u00e4r\u00e4j\u00e4oikeudessa<\/p>\n\n\n\n<p><\/p>\n","protected":false},"excerpt":{"rendered":"<p>Printingshop24 Oy \u2013 Printingshop24.com yleiset toimitusehdot Voimassa 20.1.2026 alkaen 1. Ehtojen soveltaminen ja asiakaspalvelu N\u00e4it\u00e4 yleisi\u00e4 toimitusehtoja (\u201dehdot\u201d) sovelletaan&nbsp;Printingshop24 Oy:n (ALV-tunnus FI35793557 y-tunnus&nbsp;3579355-7),&nbsp;kotipaikka Vantaa (\u201dyhti\u00f6\u201d) valmistamien, valmistuttaman tai muutoin tarjoamien tuotteiden (\u201dtuotteet\u201d) myyntiin kuluttaja- ja yritysasiakkaille (\u201dkuluttaja-asiakas\u201d ja \u201dyritysasiakas\u201d, molemmat yhdess\u00e4 \u201dasiakas\u201d) yhti\u00f6n verkkokaupassa&nbsp;Printingshop24.com Asiakaspalvelumme auttaa kaikissa Verkkokauppaa, tuotteita tai tuotteiden tilaamista ja toimitusta koskevissa [&hellip;]<\/p>\n","protected":false},"author":1,"featured_media":0,"parent":0,"menu_order":0,"comment_status":"closed","ping_status":"closed","template":"","meta":{"_acf_changed":false,"om_disable_all_campaigns":false,"_monsterinsights_skip_tracking":false,"_monsterinsights_sitenote_active":false,"_monsterinsights_sitenote_note":"","_monsterinsights_sitenote_category":0,"footnotes":""},"class_list":["post-12","page","type-page","status-publish","hentry"],"acf":[],"aioseo_notices":[],"_links":{"self":[{"href":"https:\/\/ps.roly24.com\/index.php\/wp-json\/wp\/v2\/pages\/12","targetHints":{"allow":["GET"]}}],"collection":[{"href":"https:\/\/ps.roly24.com\/index.php\/wp-json\/wp\/v2\/pages"}],"about":[{"href":"https:\/\/ps.roly24.com\/index.php\/wp-json\/wp\/v2\/types\/page"}],"author":[{"embeddable":true,"href":"https:\/\/ps.roly24.com\/index.php\/wp-json\/wp\/v2\/users\/1"}],"replies":[{"embeddable":true,"href":"https:\/\/ps.roly24.com\/index.php\/wp-json\/wp\/v2\/comments?post=12"}],"version-history":[{"count":1,"href":"https:\/\/ps.roly24.com\/index.php\/wp-json\/wp\/v2\/pages\/12\/revisions"}],"predecessor-version":[{"id":22198,"href":"https:\/\/ps.roly24.com\/index.php\/wp-json\/wp\/v2\/pages\/12\/revisions\/22198"}],"wp:attachment":[{"href":"https:\/\/ps.roly24.com\/index.php\/wp-json\/wp\/v2\/media?parent=12"}],"curies":[{"name":"wp","href":"https:\/\/api.w.org\/{rel}","templated":true}]}}