{"id":4097,"date":"2022-07-29T08:50:06","date_gmt":"2022-07-29T06:50:06","guid":{"rendered":"https:\/\/ps.roly24.com\/?page_id=4097"},"modified":"2022-11-11T10:57:38","modified_gmt":"2022-11-11T08:57:38","slug":"maksuehdot","status":"publish","type":"page","link":"https:\/\/ps.roly24.com\/index.php\/maksuehdot\/","title":{"rendered":"Maksuehdot"},"content":{"rendered":"\n<p><strong>Kuluttajat<\/strong><\/p>\n\n\n\n<p><strong>Paytrail<\/strong> maksupalvelun kautta, maksutavat<br>&#8211; MobilPay, Pivo, ApplePay, yleisimm\u00e4t luottokortit ja verkkopankkimaksu.<\/p>\n\n\n\n<p><strong>Yritysasiakkaat<\/strong>&nbsp;laskutusmahdollisuus<\/p>\n\n\n\n<p>&#8211; Maksaessa laskulla, se edellytt\u00e4\u00e4 positiivista luottop\u00e4\u00e4t\u00f6st\u00e4.<br>Valitessasi laskumaksun, saat laskun seuraavana arkip\u00e4iv\u00e4n\u00e4<br>tilauksesta ja&nbsp;laskun maksuaika on 21pv netto.<br>Tuotteet toimitetaan hyviss\u00e4 ajoin ennen laskun er\u00e4\u00e4ntymist\u00e4.<\/p>\n\n\n\n<p>\u2013 Voit my\u00f6s maksaa&nbsp;<strong>Paytrail&nbsp;<\/strong>maksupalvelun kautta, MobilPay, Pivo,<br>ApplePay, yleisimm\u00e4t luottokortit ja&nbsp;verkkopankkimaksu.<\/p>\n\n\n\n<p><strong>Maksupalveluntarjoaja<\/strong><br>Maksunv\u00e4lityspalvelun toteuttajana ja maksupalveluntarjoajana toimii Paytrail Oyj (2122839-7) yhteisty\u00f6ss\u00e4 suomalaisten pankkien ja luottolaitosten kanssa. Paytrail Oyj n\u00e4kyy maksun saajana tiliotteella tai korttilaskulla ja v\u00e4litt\u00e4\u00e4 maksun kauppiaalle. Paytrail Oyj:ll\u00e4 on maksulaitoksen toimilupa. Reklamaatiotapauksissa pyyd\u00e4mme ottamaan ensisijaisesti yhteytt\u00e4 tuotteen toimittajaan.<br>&nbsp;<br>Paytrail Oyj, y-tunnus: 2122839-7<br>Innova 2 Lutakonaukio 7<br>40100 Jyv\u00e4skyl\u00e4<br><a href=\"http:\/\/www.paytrail.com\/\" target=\"_blank\" rel=\"noreferrer noopener\">www.paytrail.com<\/a><\/p>\n","protected":false},"excerpt":{"rendered":"<p>Kuluttajat Paytrail maksupalvelun kautta, maksutavat&#8211; MobilPay, Pivo, ApplePay, yleisimm\u00e4t luottokortit ja verkkopankkimaksu. Yritysasiakkaat&nbsp;laskutusmahdollisuus &#8211; Maksaessa laskulla, se edellytt\u00e4\u00e4 positiivista luottop\u00e4\u00e4t\u00f6st\u00e4.Valitessasi laskumaksun, saat laskun seuraavana arkip\u00e4iv\u00e4n\u00e4tilauksesta ja&nbsp;laskun maksuaika on 21pv netto.Tuotteet toimitetaan hyviss\u00e4 ajoin ennen laskun er\u00e4\u00e4ntymist\u00e4. \u2013 Voit my\u00f6s maksaa&nbsp;Paytrail&nbsp;maksupalvelun kautta, MobilPay, Pivo,ApplePay, yleisimm\u00e4t luottokortit ja&nbsp;verkkopankkimaksu. MaksupalveluntarjoajaMaksunv\u00e4lityspalvelun toteuttajana ja maksupalveluntarjoajana toimii Paytrail Oyj (2122839-7) yhteisty\u00f6ss\u00e4 [&hellip;]<\/p>\n","protected":false},"author":1,"featured_media":0,"parent":0,"menu_order":0,"comment_status":"closed","ping_status":"closed","template":"","meta":{"_acf_changed":false,"om_disable_all_campaigns":false,"_monsterinsights_skip_tracking":false,"_monsterinsights_sitenote_active":false,"_monsterinsights_sitenote_note":"","_monsterinsights_sitenote_category":0,"footnotes":""},"class_list":["post-4097","page","type-page","status-publish","hentry"],"acf":[],"aioseo_notices":[],"_links":{"self":[{"href":"https:\/\/ps.roly24.com\/index.php\/wp-json\/wp\/v2\/pages\/4097","targetHints":{"allow":["GET"]}}],"collection":[{"href":"https:\/\/ps.roly24.com\/index.php\/wp-json\/wp\/v2\/pages"}],"about":[{"href":"https:\/\/ps.roly24.com\/index.php\/wp-json\/wp\/v2\/types\/page"}],"author":[{"embeddable":true,"href":"https:\/\/ps.roly24.com\/index.php\/wp-json\/wp\/v2\/users\/1"}],"replies":[{"embeddable":true,"href":"https:\/\/ps.roly24.com\/index.php\/wp-json\/wp\/v2\/comments?post=4097"}],"version-history":[{"count":0,"href":"https:\/\/ps.roly24.com\/index.php\/wp-json\/wp\/v2\/pages\/4097\/revisions"}],"wp:attachment":[{"href":"https:\/\/ps.roly24.com\/index.php\/wp-json\/wp\/v2\/media?parent=4097"}],"curies":[{"name":"wp","href":"https:\/\/api.w.org\/{rel}","templated":true}]}}